divided by 3.
1
Let t(b) = 20*b**2 - b**3 - 41*b**2 + 17 - 5*b + 22*b**2. Calculate the remainder when 66 is divided by t(0).
15
Let f = -2377 - -2394. Calculate the remainder when 1222 is divided by f.
15
Let k be (24/9)/1 - 12/18. Suppose 8*w - 384 = k*w. What is the remainder when w is divided by 17?
13
What is the remainder when 2/(-14) - 30276/(-203) is divided by 20?
9
Let h(v) = -47*v - 2. Let x be h(-2). Suppose x + 12 = 2*l. Let g = -11839 - -11857. What is the remainder when l is divided by g?
16
Suppose -2*z - d = 7, 3*z = -z - 4*d - 20. Let g(a) = -2*a**3 + a**2 + 4*a - 1. What is the remainder when 21 is divided by g(z)?
10
Let t be ((-4)/6)/1*-27. Calculate the remainder when 32 is divided by -2 - ((-6)/3 - t).
14
Let o = -1 - -6. Suppose -27 = k - u - 5, o*k + 3*u = -150. Let f = k - -34. What is the remainder when 23 is divided by f?
2
Let n = 42 - 14. Suppose -n = -2*v + 4*x - 0, v - 17 = x. Suppose 0 = -8*i + 4*i + v. What is the remainder when 12 is divided by i?
2
Suppose 3*h + 2*g - 133 = 0, -2*h + 18*g - 13*g + 95 = 0. Let y = -6 + 23. Calculate the remainder when h is divided by y.
11
Suppose 20 = 4*q, 4*h - 5*q - 587 = -8*q. What is the remainder when h is divided by 63?
17
Suppose -2*d + 4 = 10, 0 = c + 5*d - 100. What is the remainder when c is divided by 84?
31
Suppose 2*g = c + 4*c - 40, 4 = 4*c + 4*g. What is the remainder when 135 is divided by c?
3
Let b be 143/39 + 2/(-3). Suppose 0*a = -3*j + 5*a + 39, b*a - 13 = -j. What is the remainder when 141 is divided by j?
11
Let t = 19 + -10. Let i(y) = 2*y**3 - 4*y**2 - 6*y + 6. Let s be i(4). Suppose 5*z = 126 - s. What is the remainder when z is divided by t?
7
Let w(m) = 18*m**2 + 18*m + 12*m**2 + 3 - 44*m**2 + 16*m**2. What is the remainder when 11 is divided by w(-9)?
2
What is the remainder when (-54)/(-15)*(0 + 100/6) is divided by (39 - 1)/2 + -11 + 8?
12
Suppose 5*n + o = -3*o + 156, -5*o = 3*n - 104. Suppose -h + n = 5*m, h = 6*m - 2*m - 17. Calculate the remainder when h*14/(6/3) is divided by 6.
3
Calculate the remainder when 126 is divided by -6 - (0 + -10) - -28.
30
Suppose 5*h - 3*h + 18 = 0. Let c = 87 + h. Suppose -2*g + 14 = -c. What is the remainder when g is divided by 16?
14
Let v(k) = -12*k - 79. What is the remainder when 114 is divided by v(-8)?
12
Suppose -180 = 70*q - 90*q. Let m = 2 - 0. Calculate the remainder when q is divided by m.
1
Suppose 22 + 2 = 12*r. Suppose 0 = 3*c - d - 123, 5*c = -2*d - r*d + 222. Calculate the remainder when c is divided by 12.
6
Suppose 5*k + 523 = -3*p, -k + 7*p - 3*p = 123. Let x = -80 - k. What is the remainder when x is divided by 11?
5
Calculate the remainder when 319 is divided by 8/(-40) + 0 + (-324)/(-20).
15
Suppose -6 = z - 44. Suppose -51 - 1 = -4*j + 2*m, 3*j = 5*m + 25. Calculate the remainder when z is divided by (-26)/(-5)*j/6.
12
Calculate the remainder when 77 is divided by ((-64)/160)/(1/(-173 - 2)).
7
Suppose -247 = -3*b - 1. Suppose -4*p = 2*g - 4 - b, p - 5*g = 5. Calculate the remainder when 56 is divided by p.
16
Let w(c) = 2*c**2 - 8*c - 9. Calculate the remainder when w(-3) is divided by 16.
1
Let k = 1132 + -54. Calculate the remainder when k is divided by 9.
7
Suppose -20 = -3*d - 8. Suppose -d*o + 13 = 1. Calculate the remainder when 8 is divided by o.
2
Suppose -47 = -2*c + q, 0 = 4*c - 5*q + 43 - 140. Suppose 3*d - 17 - 22 = -3*k, d + 41 = 5*k. Calculate the remainder when c is divided by k.
5
Let y = 98 - 50. Suppose 0*l + l = y. Suppose 4*x - l = -b, -5*x - 2*b + 70 = 7. What is the remainder when 21 is divided by x?
10
Let n = 67 + -44. Calculate the remainder when 3079 is divided by n.
20
Suppose -13*m = -93 - 206. Calculate the remainder when m is divided by 8.
7
Calculate the remainder when 1324 is divided by ((-17)/(-3))/(14/252).
100
Suppose 0 = -33*b + 31*b + 80. What is the remainder when 77 is divided by b?
37
Suppose -2 = i + 3*s, -2*i - 6 = -3*i + s. Let x be (-1 - 18)*(-1 - 0). Suppose -3*y - 4 = -x. Calculate the remainder when y is divided by i.
1
Let s be 0 + -2 + 1 - -49. Let b = -13 + s. Let d(w) = 2*w**2 + 34*w - 111. What is the remainder when b is divided by d(3)?
8
Let k(b) = -2*b + 2. Calculate the remainder when k(-6) is divided by 4/(-14)*(-70)/10.
0
Suppose -11 = -3*n + 13. Let i(m) = -m**2 + 8*m - 1. Let k be i(n). What is the remainder when ((-86)/(-6))/(k/(-3)) is divided by 11?
10
Suppose 6*v - 123 = 471. What is the remainder when v is divided by 34?
31
Calculate the remainder when 482 is divided by 96/(5 - -1) - 5/(-1).
20
Let u = 10 - -2. Suppose u*t = 16*t - 24. Let h = -40 - -61. What is the remainder when h is divided by t?
3
Suppose 8 = -2*z - 8. Let c(r) be the second derivative of -r**3/6 - 3*r + 15. What is the remainder when 14 is divided by c(z)?
6
Calculate the remainder when (-3 - (-6 + 0)) + 188 is divided by 97.
94
Calculate the remainder when 228/21*(-84)/(-8) is divided by 44.
26
What is the remainder when (-3)/7 - (-10032)/84 is divided by 20?
19
Calculate the remainder when 637 is divided by 98 + (13 - 7 - -3).
102
Let g be (84/1)/4 - -3. Let n = g - 16. Calculate the remainder when 14 is divided by n.
6
Suppose -20*k + 15*k - v + 68 = 0, -48 = -3*k + 3*v. What is the remainder when k is divided by 1?
0
Suppose -f = -2*d + 2*f + 193, 4*d = 4*f + 396. Let i = -83 + d. What is the remainder when i is divided by 4?
1
Let v be -1*(6 - (4 - 0)). Calculate the remainder when 14/((-7)/v + -3) is divided by 5.
3
Let l(s) = 6*s + 4. Let g be l(-1). Let d(y) = -y + 2. Let z = 19 - 11. Calculate the remainder when z is divided by d(g).
0
Let b be (1 - 137)/(4*1/(-2)). Suppose -5*c + b = 18. Suppose 0 = -x + 5*x + 16, -2*p + 48 = 2*x. What is the remainder when p is divided by c?
8
Let s = -48 - -55. Suppose 3*i - s = -2*o, 4*o = -6*i + i + 15. Let n(f) = 20*f**2 - 1. What is the remainder when n(1) is divided by o?
4
What is the remainder when 141 is divided by 534/15 + 8*(-9)/(-180)?
33
Suppose 0 = -v + 15 + 7. What is the remainder when v is divided by -15*(4/(-5))/1?
10
Let o = 2 + 47. What is the remainder when 242 is divided by o?
46
Let m(t) = t + 13. Suppose 2*z = 5*z + 12. Let k = 0 + z. Calculate the remainder when 26 is divided by m(k).
8
Calculate the remainder when (28/(-84))/(1/(-507)) is divided by 57.
55
Suppose -30*n - 23*n = -19133. Calculate the remainder when n is divided by 92.
85
Suppose q + 5*f - 398 - 664 = 0, 0 = -4*q + 2*f + 4358. What is the remainder when q is divided by 68?
67
Let s(k) = -9*k**2 + 4*k**3 - 3*k**3 + 16 - 4 - 16*k. Suppose 0 = 10*h - 6*h - 44. What is the remainder when s(h) is divided by 27?
24
Let p = 4 + -6. Calculate the remainder when 49 - (4*-1 - p) is divided by 216/(-42)*(-7)/2.
15
Suppose 2*a - 10 = 0, 3 - 50 = 2*u - a. What is the remainder when 23 is divided by 7/(u/(-36)) - (-2 + 6)?
7
Let s = -2731 - -2755. Calculate the remainder when 29 is divided by s.
5
Suppose 0 = -4*t + 5*d - 5, 3 = -t + 3*d - 0. Suppose 0 = c - t - 20. Suppose -3*z = -c + 8. Calculate the remainder when 15 is divided by z.
3
Suppose -5*k = -y - 36, -39 = 5*y + 3*k + 1. Let x = y - -69. Calculate the remainder when x is divided by 15.
13
Suppose -5*d - 357 = o, -3*d + 0*o - 5*o = 223. Let f = -29 - d. Suppose 5 = 2*r + 2*x - 3, 3*r - 2*x - 37 = 0. Calculate the remainder when f is divided by r.
6
Suppose 0*n + 3*n - 60 = 0. What is the remainder when n is divided by 1 - (-5 + 0) - 0/(-5)?
2
What is the remainder when 18 is divided by 21/105 - ((-68)/10 - 0)?
4
What is the remainder when (-7)/(-105)*-6 - (-4454)/10 is divided by 32?
29
Let p(i) = -35*i + 644. Let b be 269/(-4) - (-3)/12. Let r = b - -94. Calculate the remainder when r is divided by p(18).
13
Let x = 2 + 2. Calculate the remainder when 36/5 + 1/10*-2 is divided by x.
3
Suppose -3*i + q + 2 = -8, 0 = -3*i - 2*q + 16. Let k(p) = -21*p + 48. What is the remainder when k(2) is divided by i?
2
Let y(u) = u**3 - u**2 - 8*u - 4. Let w be y(-3). Let n(s) = -3*s - 13. What is the remainder when n(w) is divided by 19?
16
Suppose 2*z + 36 + 6 = 0. Let a = -5 - z. What is the remainder when 46 is divided by a?
14
Let u(y) = 2*y - 38. Let h(f) = f**2 + 2. Calculate the remainder when u(26) is divided by h(0).
0
Let y(b) = b**3 + 18*b**2 + 7. Let q be y(-18).